n divisor of 112 and p.
16
Let n(x) be the first derivative of x**3/3 + 5*x**2 + 11*x + 2. Let p be n(-11). Calculate the highest common divisor of p and 33.
11
Suppose 56 = 4*a + 4*b, -2*b = -b + 4. Let y be (2/3)/(2/a). Suppose y*s - 55 = s. Calculate the greatest common factor of 77 and s.
11
Let j = -91 - -244. Calculate the highest common divisor of j and 17.
17
Suppose 11 + 31 = 3*j. Calculate the greatest common divisor of 77 and j.
7
Let v be 0*(-2)/(-4) + 296. Calculate the greatest common factor of 37 and v.
37
Let c(z) = -21*z**3 + z**2. Let j be c(-1). Calculate the greatest common factor of j and 198.
22
Let k be 1*2 - (-7 + -6). Let q be ((-18)/(-4))/((-2)/(-60)). What is the greatest common divisor of k and q?
15
Let q be 2 + (-102)/(-18)*15. What is the highest common divisor of 29 and q?
29
Suppose -y = -3*s - 79, 33*y - 30*y - 3*s - 255 = 0. Let t = 6 + 2. What is the greatest common divisor of t and y?
8
Let u be 42/(-3)*1/(-2). Let o = 34 + u. Suppose -3*v + 271 + o = 0. Calculate the greatest common factor of v and 13.
13
Let b be 0 - (0 + -153)/(-3). Let t = -35 - b. Let q(i) = -12*i + 4. Let c be q(-3). What is the greatest common factor of c and t?
8
Suppose 2*o + 13 + 27 = 0. Let v be (-2)/5 + (-88)/o. What is the highest common factor of v and 44?
4
Let a = 39 - 20. Let z be ((-6)/(-9))/((-1)/(-747)). Suppose 3*w + j = 6*j + z, -5*w - j + 858 = 0. Calculate the highest common factor of w and a.
19
Suppose 0 = -5*d + 2*x - 6*x + 289, -x - 227 = -4*d. Let r = -47 + 66. Calculate the greatest common divisor of d and r.
19
Let v(y) = -y**2 + 6*y + 10. Let q be v(7). Calculate the greatest common divisor of 1 and q.
1
Suppose -2*l = v - 62, 2*v = 4*v - l - 104. Let a = v + -36. What is the highest common factor of 126 and a?
18
Suppose 3*p - 27 + 114 = -3*x, -x + 121 = -4*p. Let n = p + 42. Calculate the greatest common factor of 36 and n.
12
Let c = 36 - 33. Calculate the highest common divisor of 3 and c.
3
Suppose k = -2*a - 6 + 27, -27 = -3*a - 3*k. What is the greatest common divisor of 96 and a?
12
Let v = 117 - 57. What is the highest common factor of 12 and v?
12
Let x be 45/(-10)*2/(-3). Suppose 3*a - 9 = x. Let n be 170/4 + 6/a. Calculate the highest common divisor of 11 and n.
11
Let a = 5 + -1. Suppose 2*y + 6 = a*y. Suppose -y*g - g = -5*i - 132, 4*g - 132 = -4*i. Calculate the highest common divisor of 11 and g.
11
Let l = -330 - -796. Suppose 0 = -3*j - l + 1666. Suppose 0 = -2*x - 3*x + j. What is the greatest common divisor of 16 and x?
16
Let g(v) = 4*v + 3*v**3 + 3 + v**2 - 6*v**2 - 4*v**3 + 2. Let p(q) = -2*q**2 - q. Let f be p(-2). Let c be g(f). What is the greatest common factor of c and 17?
17
Let o = 9 + -3. Let p(c) = -21*c + 15. Let i(s) = -5*s + 4. Let w(u) = -9*i(u) + 2*p(u). Let j be w(o). Calculate the highest common factor of j and 24.
12
Let j = 112 - -40. What is the highest common divisor of j and 19?
19
Let b be (-451)/(-22) + (-6)/(-4). What is the highest common divisor of b and 154?
22
Let n = 10 + -17. Let w(f) = -f**2 - 10*f - 6. Let s be w(n). What is the greatest common divisor of 105 and s?
15
Let i be 3 + (-1 - -1)/(-2). Suppose -72 = -3*b - 4*w, 8*w = i*w. Suppose -p - 3*p = j - 8, -3*j = -2*p - 52. Calculate the greatest common divisor of b and j.
8
Suppose -26 = -4*k + 42. Let l be (-1)/(-4) - 25/20. Let u be (l - 184)/(-1) - -2. Calculate the highest common factor of k and u.
17
Let h be (-4)/(-8)*-3*-4. Suppose -4*b + h = -b. Calculate the highest common divisor of b and 6.
2
Suppose -2*h - 8 = -78. Calculate the highest common factor of 5 and h.
5
Suppose 0 = 5*z - 0*z - 605. Let l(y) = 11*y + 55. Let i be l(-4). Calculate the greatest common factor of i and z.
11
Let f(z) = 3*z**3 + 9*z**2 + 6*z. Let r(k) = k**3 + k**2 - 1. Let n(v) = f(v) - 4*r(v). Let i be n(6). What is the highest common divisor of i and 1?
1
Let c be (-704)/(-48) - 4/6. Suppose 2*n - 12 - 44 = 0. What is the greatest common divisor of n and c?
14
Suppose 3*f = -3*k + 66, -2*k - 86 = -4*f - 5*k. What is the highest common divisor of 30 and f?
10
Let q be (-286)/(-8) + (-1)/(-4). Let y be 3*(1 + -2 + 2). Let w be 5 - y - (-1 - 1). Calculate the greatest common divisor of q and w.
4
Let d = 41 - 26. Calculate the highest common factor of 30 and d.
15
Suppose 2*k - 925 + 133 = 0. What is the highest common divisor of 36 and k?
36
Suppose -110 = -0*j - j. Let u be (-10 - -2)/(-2) + 2. Suppose 5*z + 34 = 2*s, -5*s + 120 = -z + u*z. Calculate the greatest common divisor of s and j.
22
Let h = -77 - -111. Calculate the highest common divisor of 238 and h.
34
Let u be 0 - 3/1 - -3. Let p be (26 - 4) + (u - -2). Calculate the highest common factor of 6 and p.
6
Let j be 28/8 - 1/2. Let m be j + 1 + -3 + 0. Let d be 2/4 + 26/4. Calculate the highest common divisor of d and m.
1
Suppose 6 = 2*r + r. Let v(m) = 8*m - 3. Let b be v(r). Let j = 32 - 19. What is the highest common factor of b and j?
13
Suppose -120 = q - 6*q. Calculate the highest common factor of q and 8.
8
Let h = 8 + -4. Suppose -3*v + 0*v - 805 = 5*w, v + h*w = -280. Let y be (-4)/6 - v/12. Calculate the greatest common factor of 63 and y.
21
Let n(m) = -m**3 - 9*m**2 - 2*m - 8. Let a be n(-9). Calculate the greatest common factor of a and 20.
10
Let u = -80 - -125. Calculate the highest common divisor of 180 and u.
45
Let l(h) = -5*h + 4. Let x be l(-1). What is the highest common divisor of 18 and x?
9
Let l(w) = -w**2 - 7*w + 1. Let k be l(-6). Let m(n) = 2*n - 3. Let r be m(k). Let a(u) = u + 99. Let c be a(0). Calculate the highest common factor of c and r.
11
Let w(y) be the third derivative of -y**6/120 - y**5/6 + 11*y**4/24 + 13*y**3/6 - 6*y**2. Let l be w(-11). Calculate the highest common divisor of 26 and l.
13
Suppose 0 = -2*f + 2, -2*f + 113 = 4*b - b. Suppose 3*s - 432 = -3*o, -5*s + o + 677 + b = 0. Calculate the highest common divisor of s and 13.
13
Suppose -4*r - 4*h + 13 = -15, -5*r - h + 47 = 0. Calculate the greatest common divisor of 90 and r.
10
Suppose -2*t + 4 = 14, -4*y = -2*t + 34. Let z = y + 29. Let m(v) = 10*v + 5. Let b be m(4). What is the greatest common divisor of z and b?
9
Let f = 394 - 241. What is the greatest common factor of f and 17?
17
Suppose 96 = 3*o - 129. Calculate the highest common factor of o and 30.
15
Let f(o) = 2*o**2 + 2*o - 5. Let k be f(-4). Calculate the highest common divisor of 76 and k.
19
Let p be (1/3)/((-6)/(-90)). Suppose 3*g - p - 7 = 0. Calculate the highest common factor of 4 and g.
4
Let y = 85 - -20. What is the highest common factor of 15 and y?
15
Let f = 31 + -19. Suppose f = -q + 5*q. Calculate the greatest common divisor of 3 and q.
3
Suppose 0 = d - 2*d + 21. What is the highest common factor of 3 and d?
3
Suppose 5*v = 10*v - 250. What is the greatest common factor of 10 and v?
10
Let f(c) = -c**2 - c. Let m(k) = 4*k**2 + 22*k + 20. Let z(y) = -3*f(y) - m(y). Let h be z(-17). What is the greatest common divisor of 14 and h?
14
Suppose -4*k + 47 + 49 = 0. Suppose 0 = 5*x - x - k. What is the greatest common factor of 30 and x?
6
Suppose -2*s - f + 6 = 3*f, -6 = -2*s - 3*f. Suppose s*t = -17 + 53. Calculate the greatest common factor of 18 and t.
6
Suppose 31 + 14 = w. What is the highest common divisor of 9 and w?
9
Let g be (264/(-16))/((-1)/6). Let s(c) = 9*c**3 - c + 1. Let j be s(1). What is the highest common factor of g and j?
9
Suppose x - 80 = -3*x. Let v = x - -32. Let q be -2*(-2)/4 - -12. Calculate the highest common factor of q and v.
13
Let c = -25 + 28. Suppose -c*j + 33 = 6. What is the greatest common divisor of 81 and j?
9
Let m = 58 - 40. Calculate the highest common factor of m and 3.
3
Let j be ((-14)/4)/(2/(-12)). Calculate the greatest common factor of 84 and j.
21
Suppose -2*f = -5*a - 6*f + 171, 2*a + 4*f = 66. Calculate the highest common factor of 7 and a.
7
Suppose 0 = -3*p - 3*g + 114, 4*g - 3 + 7 = 0. Let d = -3 + 1. Let s(r) = -4*r**3 - 3*r**2 - 3*r. Let a be s(d). What is the greatest common divisor of a and p?
13
Let p(b) = -b**2 - 9*b - 4. Let y be p(-4). Suppose -5*s - y + 46 = 0. What is the highest common factor of s and 30?
6
Suppose 0 = -3*y - 0*y + 180. Suppose 2*u - 37 = u. Suppose -35 = -3*t + u. What is the greatest common fact